8 - -87. Let x(o) = -o**3 - 11*o**2 + 2*o + 21. Give x(m).
-1
Let w(n) be the second derivative of n**4/12 + 5*n**3/3 - n**2 + 423*n. Give w(-9).
-11
Let b(d) be the third derivative of d**4/24 - d**3/6 + d**2 + 28*d. What is b(5)?
4
Let o(l) be the first derivative of -l**3/3 + 3*l**2/2 - 2*l - 42. Let u be 2 - ((-1 - 1) + 1). Determine o(u).
-2
Suppose -3*c + 7*c = 20. Let n be 8/10 - (-1)/c. Let v(t) = -10*t**2 - 2*t + 1. Let d(x) = 11*x**2 + 3*x - 1. Let l(s) = -2*d(s) - 3*v(s). Calculate l(n).
7
Suppose 0 = 4*t - 2*u - 33 - 31, 0 = 2*t + 3*u - 32. Let g(m) = -m**2 + 16*m + 3. Calculate g(t).
3
Suppose 2*t + 0*t + 4*x - 18 = 0, 3*t - 5*x + 6 = 0. Let l(i) = t*i - 7 + 5 - 4. Calculate l(4).
6
Let y(m) = -m**3 + 8*m**2 + m - 7. Suppose -42*c + 27*c + 120 = 0. Calculate y(c).
1
Let r(b) = -b**2 - b + 3. Let x(i) = 2*i**2 + 3*i - 6. Let k(z) = 9*r(z) + 4*x(z). Let j(q) = q**3 + 5*q**2 + 3*q - 1. Let a be j(-4). Determine k(a).
3
Suppose -a = -c + a + 5, -9 = -c + 4*a. Let h be c/(-2) + (-20)/(-8). Suppose 0 = 4*w + 2 + h. Let l(d) = -d + 1. What is l(w)?
2
Let n(p) = -4*p + 13*p - 10*p + 105 - 125. Determine n(-12).
-8
Suppose -k = 3*k - 4. Let n(g) be the first derivative of g**6/120 - g**5/120 - 7*g**3/3 - 11. Let i(q) be the third derivative of n(q). Give i(k).
2
Suppose 41 = -5*x + 16, 4*x + 10 = -2*f. Let y(j) = 4*j - 28. What is y(f)?
-8
Let t = 47 - 25. Let m = t + -19. Let g(s) = s**2 - 3. What is g(m)?
6
Let l be -1*1/((-1)/5). Let n(v) be the second derivative of -v**4/12 - v**3/6 - 3*v**2/2 - 2*v. Let g(m) be the first derivative of n(m). What is g(l)?
-11
Suppose -2*u - 1 = 27*q - 24*q, -q - 19 = -4*u. Let f(g) = -g**2 + 2*g - 3. Give f(u).
-11
Let r(c) = -5*c**2 - 13*c - 46. Let f(o) = -2*o**2 - 7*o - 23. Let m(t) = 7*f(t) - 3*r(t). Calculate m(11).
-12
Suppose -2 = 4*v - b, 16*b - 17*b - 4 = 2*v. Let n(k) = 14*k + 3 - 2 + 6*k. What is n(v)?
-19
Let j(p) be the third derivative of p**5/60 + 7*p**4/24 - p**3/6 - 395*p**2. What is j(-7)?
-1
Let a be 13*(-5)/10*-2. Let y(m) = 6*m**2 - 5*m + m**3 - 2*m + a - 19. Let t(g) = g**2 - 8*g. Let k be t(7). Determine y(k).
-6
Let o = 1052 + -1046. Let r(s) be the third derivative of s**4/12 - s**3 + 3*s**2. Give r(o).
6
Let d(h) = 9*h**3 - h**2 - 3*h + 5. Let a(g) = -2*g**3 + g - 1. Let w(r) = -4*a(r) - d(r). Determine w(2).
-7
Let h(k) = -k**3 - 4*k**2 + 1. Suppose -192 + 292 = 4*p. Suppose 4*s + 0*s = -108. Let g = s + p. Give h(g).
-7
Suppose -2*d + 15 = -5*n, -83*n + 11 = 2*d - 84*n. Let f(i) = -i**3 + 6*i**2 - 5*i - 2. What is f(d)?
-2
Let y(b) = -6*b + 53. Let l(f) = -6*f + 44. Let j(k) = 6*l(k) - 5*y(k). What is j(-2)?
11
Suppose 0 + 72 = 18*j. Let b(i) = -9*i + 24. Determine b(j).
-12
Suppose -4 = -2*a - 4*l, 5*a + 2*l = -0*l + 10. Suppose o = 5*i - 20, 0*o = -a*i + 5*o + 8. Let q(j) = 3*j + 4. Calculate q(i).
16
Let y(r) be the first derivative of r**2 - 23*r + 25. Determine y(10).
-3
Let g(y) = y**3 + 3*y**2 - 14*y - 3. Let r(l) = -l**2 - 78*l - 438. Let d be r(-6). Give g(d).
-27
Let d(x) = 3*x**2 + 4*x + 2. Suppose 7*w + 694 = 680. Calculate d(w).
6
Let x = 186 - 182. Let y(w) = w**2 - 5*w + 4. What is y(x)?
0
Let h = 7 - -5. Let k(q) = 1 - h*q - 2*q + 17*q. Suppose -3*u = -3*v - 9, -5*u - 3*v - 2*v + 25 = 0. What is k(u)?
13
Suppose -8 = 5*d - 23, -3*d - 23 = -2*n. Let a = n + -10. Let o(r) = -3*r - 5. Determine o(a).
-23
Let g(d) = -d + 10. Let c be g(5). Let a be (-14)/c - 1/5. Let z(y) = y**3 + 4*y**2 + 4*y + 3. Let b be z(a). Let k(s) = s**2 + s - 7. Determine k(b).
-7
Let m = -92 - -92. Let h(n) be the second derivative of n**4/12 - n**3/6 - 2*n**2 - 10*n. Calculate h(m).
-4
Let k(w) be the first derivative of 3*w**4/4 - w**3/3 + w**2 + 21. What is k(-2)?
-32
Let n(h) = 2*h**2 - 92*h - 292. Let l be n(49). Let d(v) be the first derivative of -6 - v - 1/4*v**4 + 2*v**l - 4/3*v**3. Determine d(-5).
4
Let h(x) be the third derivative of x**5/60 + 13*x**4/24 + 7*x**3/3 + x**2 + 71*x. Calculate h(-12).
2
Let u(k) = 17*k**3 + 2*k**2 + 2*k + 1. Suppose 91*m - 113*m - 22 = 0. Give u(m).
-16
Let m = 153 + -92. Suppose -4*c = 5*v - m, c + 14 = 2*c + v. Let y(z) = -z**2 + 7*z + 10. What is y(c)?
-8
Suppose -3*n - 8 = v, -v + 3*n = 1 + 1. Let h be 3/(-2)*(-20)/6. Let j(p) = 2*p + 4*p - h*p. What is j(v)?
-5
Let n(u) be the first derivative of -u**4/24 + 2*u**3 - 21*u**2 + 37. Let j(i) be the second derivative of n(i). Calculate j(5).
7
Let l(o) = o**2 + 7*o + 8. Let b be l(-6). Let h(t) be the first derivative of -3*t**2/2 + t - 1. Give h(b).
-5
Let r(q) = q**3 - 3*q**2 - 2*q - 3. Let y = 18 - 14. What is r(y)?
5
Let o(m) = -m**3 - 8*m**2 + 10*m + 7. Let d be o(-9). Let c(n) = -9*n. Let v(s) = 8*s. Let q(y) = 2*c(y) + 3*v(y). What is q(d)?
-12
Let n(v) = -573*v - 569*v - 4 - v**3 + 8*v**2 + 1142*v. Determine n(8).
-4
Let z = 55 + -60. Let c(t) = t**3 + 6*t**2 + 2*t + 2. Determine c(z).
17
Let z(u) be the third derivative of u**6/120 - 3*u**5/20 + u**4/24 - 4*u**3/3 + 19*u**2 + 1. What is z(9)?
1
Let k(i) = 4*i + 22. Let y be (-18)/(16/(96/12)). Calculate k(y).
-14
Suppose j - 3*x - 2 = 1, 0 = -4*j + x + 12. Let h(d) be the first derivative of 1/2*d**4 + 0*d**j - d + 1/2*d**2 - 1. Give h(1).
2
Let k(s) = -2*s**2 - 3*s + 2. Let q = -652 - -649. Determine k(q).
-7
Let p = 5 + -11. Let o(m) = -16943*m - 3 + 2 + 6 + 16946*m. Determine o(p).
-13
Let i(f) be the first derivative of -5/3*f**3 + 7 - 1/4*f**4 - 2*f**2 - 6*f. What is i(-4)?
-6
Let i(f) = 3*f - 2. Suppose -53*c + 58*c - 35 = 0. Determine i(c).
19
Let d(r) = -2 - 77*r**2 - 7*r - 2 - 64*r**2 + 140*r**2. What is d(-5)?
6
Let r = -55 - -59. Suppose -4*i + 16 = -r*n, -i - 43 = 4*n + 4*i. Let a(u) = -u**2 - 4*u - 1. Calculate a(n).
-22
Let s(t) = -11*t + 21. Let c(u) = u**3 - 14*u**2 + 14*u - 5. Let p be c(13). Let x(f) = 5 - p*f - 4*f + 9*f. Let o(h) = 2*s(h) - 9*x(h). Give o(2).
7
Suppose -6*j = -j. Suppose -21 = -3*i - o + 4*o, o + 4 = 0. Let n(d) = j*d + 8*d + i - 6*d. Calculate n(-2).
-1
Let g be 9/(-6)*(-2)/1. Let m be (g/(-9))/(3/(-9)). Let i(s) = -2*s**3 + 2*s**2 - 2*s + 1. What is i(m)?
-1
Let g(c) = -c**3 - 9*c**2 - 9*c + 5. Let f(z) = -z**2 - 3*z + 8. Let w be f(4). Let o be (16/10)/(4/w). Calculate g(o).
13
Let g(u) = -u**3 + 6*u**2 - 5*u + 4. Suppose -y = -3*n - 11, 4*y - n + 4*n = 14. Determine g(y).
4
Let x(v) = v**3 + v. Let a(u) = -5*u**3 - 8*u**2 + 3*u - 2. Let p(l) = -a(l) - 4*x(l). Calculate p(-9).
-16
Let o be 11/33 + 16/6. Let z(u) = -4*u + 3*u - u**2 + 0*u. Let q(s) = 4*s**2 + 2*s - 4. Let m(l) = q(l) + 2*z(l). Give m(o).
14
Let f(k) = -k - 4. Let l(p) = p + 4. Let q(z) = 3*f(z) + 4*l(z). Suppose 5*v + 4 = 2*w, 4*v - 6*w + 10 = -w. Give q(v).
4
Suppose 66 = t + 59. Let q(l) = t - l + 4 + 2*l. Give q(-10).
1
Let p(m) = -16*m**2 + 25*m + 11. Let s(g) = -3*g**2 + 5*g + 2. Let a(n) = -2*p(n) + 11*s(n). Let r = 8 + -2. Give a(r).
-6
Let s = -30 - -37. Let w(r) = -10*r**3 - 2*r**2 + 15*r + 2. Let c(f) = -7*f**3 - f**2 + 10*f + 1. Let v(y) = s*c(y) - 5*w(y). Let m = 7 - 11. What is v(m)?
1
Let p be (-1 - 0)/(9/27). Let t(c) = 2*c - 6. Let a(v) = -6*v + 17. Let q(d) = p*a(d) - 8*t(d). Determine q(-3).
-9
Let j(y) = -1 - 2 + y + 0. Let l(c) = c - 4. Let b(m) = -6*j(m) + 5*l(m). Suppose -2224*v + 45 = -2215*v. What is b(v)?
-7
Let b(w) = -w**3 + 4*w**2 + w + 2. Let f(j) = -5*j - 21*j**2 + 4 - j + 20*j**2. Let v be f(-6). Give b(v).
6
Let i(o) = -o**3 - 5*o**2 + o - 1. Suppose m + 5*l = -m - 10, m + 10 = -5*l. Suppose 2*k + 5*k + 35 = m. Determine i(k).
-6
Let p(h) = -29*h - 14. Let f(a) = -101*a - 43. Let s(x) = -2*f(x) + 7*p(x). Determine s(0).
-12
Let l(v) = -7*v**2 + 8*v - 3. Let q be l(1). Let z(y) = -7*y**3 - 2*y**2 - y - 2. Determine z(q).
48
Let x(o) be the first derivative of -o**4/4 + o**3/6 + 10*o**2 - 20. Let h(y) be the second derivative of x(y). Give h(3).
-17
Let h(q) = 2*q**2 - 2*q. Let f be h(4). Suppose -f = 2*m - 4*s, 4*m = 6*m - 2*s + 16. Let a(i) = -4*i - 6. What is a(m)?
10
Let d(f) = f**3 - f**2 - f - 7. Let o = -220 - -124. Let v = -96 - o. Give d(v).
-7
Let s(b) be the first derivative of -4/3*b**3 - 19 + 0*b**2 - 3*b - 1/4*b**4. Give s(-4).
-3
Let i(s) = s**3 + 7*s. Let x(h) = -h**3 - 6*h - 1. Let k(o) = -4*i(o) - 5*x(o). Calculate k(0).
5
Let h(m) = 2*m**2 + 2*m**2 - m + 4*m**3 - 6*m**2 - 3*m**